ird derivative of -f**8/840 - f**7/504 - f**6/90 - f**5/30 - f**4/3 - 16*f**2. Let g(c) be the second derivative of z(c). Is g(-5) composite?
False
Suppose 15056 = 2*u + 2*t, -2*u + 5*t - 3936 = -18978. Let n = u - 5233. Is n a composite number?
False
Suppose 5*i + j - 16 = 12, 0 = 4*i + 2*j - 20. Suppose -2*d - 426 = -4*x, -i*x = -3*d - 10*x - 659. Let m = 408 + d. Is m a composite number?
False
Let a = 158813 - 16234. Is a a composite number?
True
Let b(u) = 756 + u + 3458 - 4*u. Let w(z) = z - 1405. Let l(x) = 6*b(x) + 17*w(x). Is l(0) a composite number?
False
Let t = 359 - 333. Suppose -16*u - 5830 = -t*u. Is u prime?
False
Let x = -387 - -391. Is (x/10)/(6/351255) prime?
True
Suppose 8*i = -z + 211352, 104971 + 27124 = 5*i - 3*z. Is i a composite number?
True
Let z(w) be the third derivative of 11*w**5/60 - 5*w**4/12 + 17*w**3/3 + 3*w**2 - 1. Is z(5) a composite number?
True
Let h(q) = q**3 + 7*q**2 + 26*q - 14. Let j be h(-9). Is (-41)/(j/8664) + (-2)/5 a composite number?
True
Let c be -4 - (4 - 700) - -1. Let z = 628 - 432. Suppose -c = -q + z. Is q prime?
False
Let i be 1/((-39)/(-21) + -3 + 1). Is 1/((-1)/(2135/i)) prime?
False
Let f(y) = 39*y**3 + 130*y**2 + 16*y + 12. Is f(19) composite?
False
Is (-1 - 5/(-4))/(8/463328) composite?
False
Let l(t) = -8*t**3 + 11*t**2 + 10*t + 14. Let b be l(-7). Suppose -b = -n + 1230. Suppose 0 = 5*m - 5*p + 272 - n, -5*p + 10 = 0. Is m composite?
False
Let z = -285316 - -827799. Is z prime?
True
Suppose -12*h + 10*h + 1008835 = 5*p, -4*p = -2*h - 807068. Is p composite?
False
Let a = -550 + 550. Suppose w - 30*w + 341533 = a. Is w a composite number?
False
Let p(t) = -3*t + 30. Let x be p(9). Suppose -x*v = -6*v + 12. Suppose 0 = -h - 3, -v*u = -0*u - 2*h - 4778. Is u a prime number?
True
Suppose -7*h = j - 3183, -13*h - 8 = -15*h. Is j a prime number?
False
Is (0 + 14823/(-18))*-230 - 4 prime?
True
Let f(u) = 2764*u + 4793. Is f(8) composite?
True
Suppose 48*q - 54*q = -66. Is (-20145)/(-12) + q/44 a composite number?
True
Let z be (-88)/(-6)*(-27)/(-18). Suppose -5*h - 52 = -z. Let j(s) = 10*s**2 + 5*s - 4. Is j(h) a composite number?
True
Let f(p) be the second derivative of 35*p**4/12 + 5*p**3/3 - 10*p**2 - 18*p. Let q be f(13). Suppose 137*r = 142*r - q. Is r composite?
True
Let n be ((-54)/3)/(12/(-3018)). Suppose c - 3*j = 901, -2*j - 2*j = -5*c + n. Suppose -c = -v + 58. Is v composite?
True
Let l = -12 - -27. Suppose 17*r - 970 = l*r. Suppose -7*d = -8*d + r. Is d prime?
False
Let g be 4/10 - 31/(930/612). Let q(i) = 5*i**2 - 3*i - 11. Is q(g) prime?
False
Suppose -129282 = -3*y - o, 15*y - 16*y = 3*o - 43102. Is y a prime number?
True
Is (-10)/15*-9 - (-267952 - 1) a composite number?
False
Let k = 327 + -321. Is (969/k*14 - -2) + -5 composite?
True
Let g = -297696 - -527515. Is g a prime number?
True
Let i = 1402 - 391. Suppose i = 71*h - 68*h. Is h a composite number?
False
Suppose -341*q - 482885 = -346*q - 5*t, -482893 = -5*q - 3*t. Is q prime?
True
Let c(u) = -11*u**3 + 14*u**2 - 25*u - 13. Let z be c(8). Let g = z - -8598. Is g a composite number?
True
Let o = 45 + -43. Suppose -5*x + o*q - 736 = -3125, 5*x + 5*q = 2410. Is x composite?
False
Suppose 3*n = 40*q - 39*q + 842833, -842837 = -3*n + 2*q. Is n a composite number?
True
Let v(z) = 21*z**2 - 700*z + 11. Is v(40) prime?
False
Let f(i) = -i - 1. Let c(j) = 3*j - 8. Let t be c(3). Let l(y) = -196*y - 23. Let n(z) = t*l(z) - 6*f(z). Is n(-4) prime?
True
Let g be 4 + (-9)/3 + 2. Suppose -3*z + 24674 = 4*s, -2*z - 2 = -g*z. Is s a prime number?
False
Suppose -93*y + 2029651 + 1713801 = -1438601. Is y a prime number?
True
Let j = 18834 - 2424. Suppose 298*c = 288*c + j. Is c prime?
False
Suppose 9 = 2*p + 5. Suppose -j - 348 = p. Let o = j - -553. Is o composite?
True
Suppose 2*k - 74842 = 228216. Is k prime?
False
Is 514728/6 - (17 - (3 - -7)) a composite number?
False
Let x(z) = -27*z - 342. Let b be x(-11). Is 9/(b/(-10)) - 4769/(-1) a prime number?
False
Suppose -46*q + 9152 = -14*q. Suppose q*w - 5826 = 280*w. Is w a composite number?
False
Let y = 784 - -1438. Let i be (y/33)/(1/(-3)). Let z = 177 - i. Is z a composite number?
False
Let n = 1275 - 4926. Let f = 26636 + n. Is f prime?
False
Let b(v) = 14*v**2 - 51*v + 101. Let k(l) = -71*l**2 + 254*l - 506. Let z(n) = 11*b(n) + 2*k(n). Is z(29) composite?
True
Let s = -23080 + 58559. Is s a prime number?
False
Let j(r) = 195*r**2 + 110*r + 896. Is j(-9) prime?
False
Let a(y) = 6021*y**2 - y - 17. Is a(-4) composite?
False
Let t(y) = 7*y - 175. Let p be t(32). Suppose 11427 = 5*s + p*z - 51*z, -2*s + 4570 = -z. Is s a prime number?
True
Suppose 15*r + 25476 = 18*r. Suppose -k = 2, 3*k = 3*h - 28511 + r. Is h a composite number?
True
Let v(s) = -5*s**2 + 6*s - 4. Let f be v(7). Let w(y) = y**3 - 12*y**2 - y - 16. Let m be w(11). Let o = m - f. Is o a composite number?
False
Suppose 7 = 2*h + g, 8 - 1 = 3*h - 2*g. Suppose -7*n = p - 4*n - 6994, n - 20990 = -h*p. Is p a composite number?
False
Suppose 2*x = -5*c + 42818, 5*x + 40518 = 4*c + 147629. Let k = x - 11928. Is k composite?
False
Suppose -4*c = -5*m - 3, -5*m + 0 = -2*c - 1. Suppose -c*j + 5*o = -4*j - 49, 4*j + 53 = -o. Is (-618)/j - 6/(-4) a prime number?
True
Let g(l) = -l**3 + 14*l**2 + 75*l - 27. Let h be g(18). Suppose 62*j - h*j - 1171765 = 0. Is j composite?
False
Suppose -4*j + 71 = 3*m, -3*j + 31 = 3*m - 23. Let z be j/(-4) - 45/60. Let s(u) = -30*u + 11. Is s(z) composite?
True
Let b(n) = -317*n + 1. Let a be b(-9). Let t(p) = -34*p - 201. Let u be t(-6). Suppose -v + 0*v = 2*x - 949, -x = -u*v + a. Is v prime?
False
Suppose 423*g - 60432608 - 27001069 = 0. Is g composite?
False
Let g(w) = -408*w**3 - w**2 - 2*w - 4. Let q be g(-2). Suppose 3*a = -q + 33161. Is a composite?
False
Let t be (-6)/(-36)*3088 + (-10)/6. Suppose 24*y + t = 33*y. Is y prime?
False
Let x(l) = -2463*l + 16. Let c = 238 - 241. Is x(c) a prime number?
False
Is (-88130)/(-8) - (-10)/16*360/300 a prime number?
False
Let q be (-18)/15*1020/(-9). Let b = q - 382. Let u = b + 583. Is u a composite number?
False
Let f(z) = 1845*z**2 - 38*z - 344. Is f(-5) a composite number?
False
Let k(r) = 100*r**3 - 2*r - 1. Let u be k(2). Suppose 3*p = -x - u, x + 521 + 804 = -5*p. Let d = p - -644. Is d composite?
False
Suppose 2804 = 4*o + 2*h, 3*o + 14*h - 2103 = 13*h. Let d = 1694 - o. Is d a prime number?
False
Let g(y) = 3*y**3 + 13*y**2 + 25*y - 37. Is g(20) prime?
True
Let o(q) = -42 + 11*q**2 - 2*q + 3*q + 60 + q**3. Let i be o(-15). Let a = -154 - i. Is a a composite number?
False
Let x = -978 - -2425. Let c = x + -662. Is c composite?
True
Suppose -839920 = 1416*k - 1432*k. Is k a composite number?
True
Is ((-3754975)/(-20))/7 - (3 - (-77)/(-28)) a prime number?
True
Suppose -3901200 - 11072107 = -151*t + 7613424. Is t a prime number?
False
Let j(r) = -42646*r**3 + 7*r**2 + r - 11. Is j(-2) prime?
False
Let q = 0 + -4. Let r be (9/q)/((-4)/32). Is (r/18)/(1/949) composite?
True
Is 12/22 - 274582217/(-2849) composite?
True
Let g(u) = 114141*u**2 + 15*u + 1. Is g(1) prime?
True
Suppose 3*b - 6 = -2*h - 0*h, 2*b - 17 = 3*h. Suppose 9*q = b*q + 10, 0 = 2*d - 4*q - 10334. Is d a composite number?
False
Let q(x) be the third derivative of -x**6/120 - x**5/60 + x**4/4 - 23*x**3/6 - 40*x**2. Is q(-8) composite?
True
Let s(y) = -y**3 + 141*y**2 + 218*y - 1971. Is s(140) a prime number?
False
Suppose -3*m = 2*b - 80176, m = -3*b - 3*m + 120265. Is b composite?
True
Suppose -5*a - 3*y = -10, 5 = 4*a - a + 2*y. Suppose -220 = -a*b - 45. Is b composite?
True
Suppose -4*w + 289 = y, w - 900 = 2*y - 5*y. Suppose -3*z + 4*z = y. Is z prime?
False
Let d = 16 - -710. Suppose -2565 = -3*u - d. Is u - ((-12)/(-4) - (5 + -2)) a prime number?
True
Let n = -24 - -14. Let s be ((-7)/5 + (-4)/n)*-3. Suppose 4*y - 2*h - 8622 = 3*h, -2*h = s*y - 6455. Is y prime?
True
Let c = 56 + -60. Let n be (-10164)/((-4 + 8)/c). Suppose n = 4*p - 952. Is p prime?
False
Suppose 40*q = 35*q - 30200. Let c = 11511 + q. Is c a prime number?
True
Let a(y) = -5*y**3 + 3*y**2 + 5*y - 6. Let n be a(2). Is 32954*(6/n)/((-1)/2) a composite number?
False
Let f = 1318912 - 800433. Is f a prime number?
False
Suppose 5*z + 4*u = 6375, 6380 = 7*z - 2*z + 5*u. Let b(j) = -j**3 - 33*j**2 - 34*j